{"id":134,"date":"2025-04-19T16:30:33","date_gmt":"2025-04-19T14:30:33","guid":{"rendered":"https:\/\/aubellys.fr\/?page_id=134"},"modified":"2026-03-25T17:30:08","modified_gmt":"2026-03-25T16:30:08","slug":"patisseries-seches","status":"publish","type":"page","link":"https:\/\/aubellys.fr\/index.php\/patisseries-seches\/","title":{"rendered":"PATISSERIE"},"content":{"rendered":"\n<h1 class=\"wp-block-heading\"><strong>Ces tr\u00e9sors de douceur sont une invitation \u00e0 savourer l\u2019harmonie parfaite entre gourmandise et bien-\u00eatre.<\/strong><\/h1>\n\n\n\n<h3 class=\"wp-block-heading\"><strong>Recettes IG BAS , avec des sucres complets (non raffin\u00e9)<\/strong><\/h3>\n\n\n\n<p>IG bas: indice glyc\u00e9mique bas.<\/p>\n\n\n\n<figure class=\"wp-block-image size-large\"><img loading=\"lazy\" decoding=\"async\" width=\"1024\" height=\"768\" src=\"http:\/\/aubellys.fr\/wp-content\/uploads\/2025\/05\/presentation-biscuits-table-1024x768.jpg\" alt=\"\" class=\"wp-image-290\" srcset=\"https:\/\/aubellys.fr\/wp-content\/uploads\/2025\/05\/presentation-biscuits-table-1024x768.jpg 1024w, https:\/\/aubellys.fr\/wp-content\/uploads\/2025\/05\/presentation-biscuits-table-300x225.jpg 300w, https:\/\/aubellys.fr\/wp-content\/uploads\/2025\/05\/presentation-biscuits-table-768x576.jpg 768w, https:\/\/aubellys.fr\/wp-content\/uploads\/2025\/05\/presentation-biscuits-table-1536x1152.jpg 1536w, https:\/\/aubellys.fr\/wp-content\/uploads\/2025\/05\/presentation-biscuits-table-2048x1536.jpg 2048w\" sizes=\"auto, (max-width: 706px) 89vw, (max-width: 767px) 82vw, 740px\" \/><\/figure>\n\n\n\n<h2 class=\"wp-block-heading\"><strong>BISCUITS<\/strong><\/h2>\n\n\n\n<h3 class=\"wp-block-heading\"><strong>Un d\u00e9lice sain et gourmand, qui transforme votre pause en un moment de douceur, de plaisir pour les papilles et de l\u00e9g\u00e8ret\u00e9.<\/strong><\/h3>\n\n\n\n<div class=\"wp-block-columns is-layout-flex wp-container-core-columns-is-layout-9d6595d7 wp-block-columns-is-layout-flex\">\n<div class=\"wp-block-column is-layout-flow wp-block-column-is-layout-flow\">\n<figure class=\"wp-block-image size-full is-style-rounded\"><img loading=\"lazy\" decoding=\"async\" width=\"525\" height=\"700\" src=\"http:\/\/aubellys.fr\/wp-content\/uploads\/2026\/03\/Coffret-biscuits-assortiment-IG-bas-Aubellys-biscuiterie-artisanale-rotated.jpg\" alt=\"\" class=\"wp-image-1512\" srcset=\"https:\/\/aubellys.fr\/wp-content\/uploads\/2026\/03\/Coffret-biscuits-assortiment-IG-bas-Aubellys-biscuiterie-artisanale-rotated.jpg 525w, https:\/\/aubellys.fr\/wp-content\/uploads\/2026\/03\/Coffret-biscuits-assortiment-IG-bas-Aubellys-biscuiterie-artisanale-225x300.jpg 225w\" sizes=\"auto, (max-width: 525px) 100vw, 525px\" \/><\/figure>\n<\/div>\n\n\n\n<div class=\"wp-block-column is-layout-flow wp-block-column-is-layout-flow\">\n<figure class=\"wp-block-image size-full is-style-rounded\"><img loading=\"lazy\" decoding=\"async\" width=\"525\" height=\"700\" src=\"https:\/\/aubellys.fr\/wp-content\/uploads\/2026\/03\/Coffret-naturel-assortiment-biscuits-floraux-paques-IG-bas-Aubellys--rotated.jpg\" alt=\"\" class=\"wp-image-1515\" srcset=\"https:\/\/aubellys.fr\/wp-content\/uploads\/2026\/03\/Coffret-naturel-assortiment-biscuits-floraux-paques-IG-bas-Aubellys--rotated.jpg 525w, https:\/\/aubellys.fr\/wp-content\/uploads\/2026\/03\/Coffret-naturel-assortiment-biscuits-floraux-paques-IG-bas-Aubellys--225x300.jpg 225w\" sizes=\"auto, (max-width: 525px) 100vw, 525px\" \/><\/figure>\n<\/div>\n\n\n\n<div class=\"wp-block-column is-layout-flow wp-block-column-is-layout-flow\">\n<figure class=\"wp-block-image size-full is-style-rounded\"><img loading=\"lazy\" decoding=\"async\" width=\"525\" height=\"700\" src=\"https:\/\/aubellys.fr\/wp-content\/uploads\/2026\/03\/Coffret-biscuit-rose-biscuits-floraux-IG-bas-sans-gluten-Aubellys--rotated.jpg\" alt=\"\" class=\"wp-image-1517\" srcset=\"https:\/\/aubellys.fr\/wp-content\/uploads\/2026\/03\/Coffret-biscuit-rose-biscuits-floraux-IG-bas-sans-gluten-Aubellys--rotated.jpg 525w, https:\/\/aubellys.fr\/wp-content\/uploads\/2026\/03\/Coffret-biscuit-rose-biscuits-floraux-IG-bas-sans-gluten-Aubellys--225x300.jpg 225w\" sizes=\"auto, (max-width: 525px) 100vw, 525px\" \/><\/figure>\n<\/div>\n<\/div>\n\n\n\n<div class=\"wp-block-group is-layout-grid wp-container-core-group-is-layout-9649a0d9 wp-block-group-is-layout-grid\">\n<figure class=\"wp-block-image size-large is-style-rounded\"><img loading=\"lazy\" decoding=\"async\" width=\"768\" height=\"1024\" src=\"http:\/\/aubellys.fr\/wp-content\/uploads\/2025\/05\/biscuit-lavande-768x1024.jpg\" alt=\"\" class=\"wp-image-294\" srcset=\"https:\/\/aubellys.fr\/wp-content\/uploads\/2025\/05\/biscuit-lavande-768x1024.jpg 768w, https:\/\/aubellys.fr\/wp-content\/uploads\/2025\/05\/biscuit-lavande-225x300.jpg 225w, https:\/\/aubellys.fr\/wp-content\/uploads\/2025\/05\/biscuit-lavande-1152x1536.jpg 1152w, https:\/\/aubellys.fr\/wp-content\/uploads\/2025\/05\/biscuit-lavande-1536x2048.jpg 1536w, https:\/\/aubellys.fr\/wp-content\/uploads\/2025\/05\/biscuit-lavande.jpg 1548w\" sizes=\"auto, (max-width: 706px) 89vw, (max-width: 767px) 82vw, 740px\" \/><\/figure>\n\n\n\n<figure class=\"wp-block-image size-large is-style-rounded\"><img loading=\"lazy\" decoding=\"async\" width=\"768\" height=\"1024\" src=\"https:\/\/aubellys.fr\/wp-content\/uploads\/2025\/05\/biscuits-verveine-citron1-768x1024.jpg\" alt=\"\" class=\"wp-image-310\" srcset=\"https:\/\/aubellys.fr\/wp-content\/uploads\/2025\/05\/biscuits-verveine-citron1-768x1024.jpg 768w, https:\/\/aubellys.fr\/wp-content\/uploads\/2025\/05\/biscuits-verveine-citron1-225x300.jpg 225w, https:\/\/aubellys.fr\/wp-content\/uploads\/2025\/05\/biscuits-verveine-citron1-1152x1536.jpg 1152w, https:\/\/aubellys.fr\/wp-content\/uploads\/2025\/05\/biscuits-verveine-citron1-1536x2048.jpg 1536w, https:\/\/aubellys.fr\/wp-content\/uploads\/2025\/05\/biscuits-verveine-citron1.jpg 1548w\" sizes=\"auto, (max-width: 706px) 89vw, (max-width: 767px) 82vw, 740px\" \/><\/figure>\n\n\n\n<figure class=\"wp-block-image size-large is-style-rounded\"><img loading=\"lazy\" decoding=\"async\" width=\"768\" height=\"1024\" src=\"https:\/\/aubellys.fr\/wp-content\/uploads\/2025\/05\/cookies-768x1024.jpg\" alt=\"\" class=\"wp-image-311\" srcset=\"https:\/\/aubellys.fr\/wp-content\/uploads\/2025\/05\/cookies-768x1024.jpg 768w, https:\/\/aubellys.fr\/wp-content\/uploads\/2025\/05\/cookies-225x300.jpg 225w, https:\/\/aubellys.fr\/wp-content\/uploads\/2025\/05\/cookies-1152x1536.jpg 1152w, https:\/\/aubellys.fr\/wp-content\/uploads\/2025\/05\/cookies-1536x2048.jpg 1536w, https:\/\/aubellys.fr\/wp-content\/uploads\/2025\/05\/cookies.jpg 1548w\" sizes=\"auto, (max-width: 706px) 89vw, (max-width: 767px) 82vw, 740px\" \/><\/figure>\n\n\n\n<p class=\"has-text-align-center\"><a href=\"https:\/\/aubellys.fr\/index.php\/biscuit-lavande\/\" data-type=\"page\" data-id=\"565\">Lavande<\/a><\/p>\n\n\n\n<p class=\"has-text-align-center\"><a href=\"https:\/\/aubellys.fr\/index.php\/biscuits-amande-verveine-melisse\/\" data-type=\"page\" data-id=\"549\">Amande verveine m\u00e9lisse<\/a><\/p>\n\n\n\n<p class=\"wp-container-content-69bc4bdf\"><a href=\"https:\/\/aubellys.fr\/index.php\/mini-cookies-chocolat-sarrasin-fleur-d-oranger\/\" data-type=\"page\" data-id=\"541\">Mini cookies chocolat sarrasin fleur d&rsquo;oranger (SG, V)<\/a><\/p>\n<\/div>\n\n\n\n<p><\/p>\n\n\n<div class=\"wp-block-image\">\n<figure class=\"aligncenter size-large is-resized\"><img loading=\"lazy\" decoding=\"async\" width=\"1024\" height=\"768\" src=\"http:\/\/aubellys.fr\/wp-content\/uploads\/2025\/05\/biscuits-cafedorge1-1024x768.jpg\" alt=\"\" class=\"wp-image-300\" style=\"width:297px;height:auto\" srcset=\"https:\/\/aubellys.fr\/wp-content\/uploads\/2025\/05\/biscuits-cafedorge1-1024x768.jpg 1024w, https:\/\/aubellys.fr\/wp-content\/uploads\/2025\/05\/biscuits-cafedorge1-300x225.jpg 300w, https:\/\/aubellys.fr\/wp-content\/uploads\/2025\/05\/biscuits-cafedorge1-768x576.jpg 768w, https:\/\/aubellys.fr\/wp-content\/uploads\/2025\/05\/biscuits-cafedorge1-1536x1152.jpg 1536w, https:\/\/aubellys.fr\/wp-content\/uploads\/2025\/05\/biscuits-cafedorge1-2048x1536.jpg 2048w\" sizes=\"auto, (max-width: 706px) 89vw, (max-width: 767px) 82vw, 740px\" \/><\/figure>\n<\/div>\n\n\n<p class=\"has-text-align-center\"><a href=\"https:\/\/aubellys.fr\/index.php\/555-2\/\" data-type=\"page\" data-id=\"555\">Noisette caf\u00e9 d&rsquo;orge (sans caf\u00e9ine et sans \u0153uf)<\/a><\/p>\n\n\n\n<div class=\"wp-block-columns is-layout-flex wp-container-core-columns-is-layout-9d6595d7 wp-block-columns-is-layout-flex\">\n<div class=\"wp-block-column is-layout-flow wp-block-column-is-layout-flow\">\n<figure class=\"wp-block-image size-full is-style-rounded\"><img loading=\"lazy\" decoding=\"async\" width=\"300\" height=\"400\" src=\"http:\/\/aubellys.fr\/wp-content\/uploads\/2026\/03\/Biscuits-cacao-cru-cannelle-amande-sans-gluten-IG-bas-Biscuiterie-Aubellys-Tarn.jpg\" alt=\"\" class=\"wp-image-1495\" srcset=\"https:\/\/aubellys.fr\/wp-content\/uploads\/2026\/03\/Biscuits-cacao-cru-cannelle-amande-sans-gluten-IG-bas-Biscuiterie-Aubellys-Tarn.jpg 300w, https:\/\/aubellys.fr\/wp-content\/uploads\/2026\/03\/Biscuits-cacao-cru-cannelle-amande-sans-gluten-IG-bas-Biscuiterie-Aubellys-Tarn-225x300.jpg 225w\" sizes=\"auto, (max-width: 300px) 100vw, 300px\" \/><\/figure>\n<\/div>\n\n\n\n<div class=\"wp-block-column is-layout-flow wp-block-column-is-layout-flow\">\n<figure class=\"wp-block-image size-full is-style-rounded\"><img loading=\"lazy\" decoding=\"async\" width=\"300\" height=\"400\" src=\"http:\/\/aubellys.fr\/wp-content\/uploads\/2026\/03\/Biscuit-eclat-amande-calendula-IG-bas-Biscuiterie-Lavaur-Aubellys-rotated.jpg\" alt=\"\" class=\"wp-image-1493\" srcset=\"https:\/\/aubellys.fr\/wp-content\/uploads\/2026\/03\/Biscuit-eclat-amande-calendula-IG-bas-Biscuiterie-Lavaur-Aubellys-rotated.jpg 300w, https:\/\/aubellys.fr\/wp-content\/uploads\/2026\/03\/Biscuit-eclat-amande-calendula-IG-bas-Biscuiterie-Lavaur-Aubellys-225x300.jpg 225w\" sizes=\"auto, (max-width: 300px) 100vw, 300px\" \/><\/figure>\n<\/div>\n\n\n\n<div class=\"wp-block-column is-layout-flow wp-block-column-is-layout-flow\"><\/div>\n<\/div>\n\n\n\n<h2 class=\"wp-block-heading\"><strong>COOKIES<\/strong><\/h2>\n\n\n\n<div class=\"wp-block-group is-layout-grid wp-container-core-group-is-layout-9649a0d9 wp-block-group-is-layout-grid\">\n<figure class=\"wp-block-image size-large\"><img loading=\"lazy\" decoding=\"async\" width=\"804\" height=\"1024\" src=\"http:\/\/aubellys.fr\/wp-content\/uploads\/2025\/08\/cookies-ig-bas-aubellys-804x1024.jpg\" alt=\"\" class=\"wp-image-388\" srcset=\"https:\/\/aubellys.fr\/wp-content\/uploads\/2025\/08\/cookies-ig-bas-aubellys-804x1024.jpg 804w, https:\/\/aubellys.fr\/wp-content\/uploads\/2025\/08\/cookies-ig-bas-aubellys-236x300.jpg 236w, https:\/\/aubellys.fr\/wp-content\/uploads\/2025\/08\/cookies-ig-bas-aubellys-768x978.jpg 768w, https:\/\/aubellys.fr\/wp-content\/uploads\/2025\/08\/cookies-ig-bas-aubellys-1206x1536.jpg 1206w, https:\/\/aubellys.fr\/wp-content\/uploads\/2025\/08\/cookies-ig-bas-aubellys-1608x2048.jpg 1608w, https:\/\/aubellys.fr\/wp-content\/uploads\/2025\/08\/cookies-ig-bas-aubellys-scaled.jpg 2010w\" sizes=\"auto, (max-width: 706px) 89vw, (max-width: 767px) 82vw, 740px\" \/><\/figure>\n\n\n\n<figure class=\"wp-block-image size-large\"><img loading=\"lazy\" decoding=\"async\" width=\"768\" height=\"1024\" src=\"http:\/\/aubellys.fr\/wp-content\/uploads\/2025\/10\/cookies-le-rosie-avoine-noix-de-cajou-chocolat-noir-betterave-sans-gluten-vegan-Aubellys-tarn-agout-768x1024.jpg\" alt=\"\" class=\"wp-image-1025\" srcset=\"https:\/\/aubellys.fr\/wp-content\/uploads\/2025\/10\/cookies-le-rosie-avoine-noix-de-cajou-chocolat-noir-betterave-sans-gluten-vegan-Aubellys-tarn-agout-768x1024.jpg 768w, https:\/\/aubellys.fr\/wp-content\/uploads\/2025\/10\/cookies-le-rosie-avoine-noix-de-cajou-chocolat-noir-betterave-sans-gluten-vegan-Aubellys-tarn-agout-225x300.jpg 225w, https:\/\/aubellys.fr\/wp-content\/uploads\/2025\/10\/cookies-le-rosie-avoine-noix-de-cajou-chocolat-noir-betterave-sans-gluten-vegan-Aubellys-tarn-agout-1152x1536.jpg 1152w, https:\/\/aubellys.fr\/wp-content\/uploads\/2025\/10\/cookies-le-rosie-avoine-noix-de-cajou-chocolat-noir-betterave-sans-gluten-vegan-Aubellys-tarn-agout-1536x2048.jpg 1536w, https:\/\/aubellys.fr\/wp-content\/uploads\/2025\/10\/cookies-le-rosie-avoine-noix-de-cajou-chocolat-noir-betterave-sans-gluten-vegan-Aubellys-tarn-agout-scaled.jpg 1920w\" sizes=\"auto, (max-width: 706px) 89vw, (max-width: 767px) 82vw, 740px\" \/><figcaption class=\"wp-element-caption\">COOKIES LE ROSIE AVOINE NOIX DE CAJOU PEPITE CHOCOLAT NOIR &#8211; SG &#8211; V<\/figcaption><\/figure>\n\n\n\n<figure class=\"wp-block-image size-large\"><img loading=\"lazy\" decoding=\"async\" width=\"768\" height=\"1024\" src=\"http:\/\/aubellys.fr\/wp-content\/uploads\/2025\/08\/IMG_2747-768x1024.jpg\" alt=\"\" class=\"wp-image-389\" srcset=\"https:\/\/aubellys.fr\/wp-content\/uploads\/2025\/08\/IMG_2747-768x1024.jpg 768w, https:\/\/aubellys.fr\/wp-content\/uploads\/2025\/08\/IMG_2747-225x300.jpg 225w, https:\/\/aubellys.fr\/wp-content\/uploads\/2025\/08\/IMG_2747-1152x1536.jpg 1152w, https:\/\/aubellys.fr\/wp-content\/uploads\/2025\/08\/IMG_2747-1536x2048.jpg 1536w, https:\/\/aubellys.fr\/wp-content\/uploads\/2025\/08\/IMG_2747-scaled.jpg 1920w\" sizes=\"auto, (max-width: 706px) 89vw, (max-width: 767px) 82vw, 740px\" \/><\/figure>\n<\/div>\n\n\n\n<h2 class=\"wp-block-heading\"><strong>GATEAUX MOELLEUX<\/strong><\/h2>\n\n\n\n<h3 class=\"wp-block-heading\"><strong>P\u00e2tisseries qui marient gourmandise et sant\u00e9 pour un en-cas \u00e9nerg\u00e9tique irr\u00e9sistible, \u00e0 d\u00e9guster sans culpabilit\u00e9.<\/strong><\/h3>\n\n\n\n<div class=\"wp-block-columns is-layout-flex wp-container-core-columns-is-layout-9d6595d7 wp-block-columns-is-layout-flex\">\n<div class=\"wp-block-column is-layout-flow wp-block-column-is-layout-flow\">\n<figure class=\"wp-block-image size-full\"><img loading=\"lazy\" decoding=\"async\" width=\"450\" height=\"600\" src=\"https:\/\/aubellys.fr\/wp-content\/uploads\/2026\/03\/Muffins-sans-gluen-sans-lactose-chocolat-noir-IG-bas-patiiserie-Aubellys-occitanie-rotated.jpg\" alt=\"\" class=\"wp-image-1506\" srcset=\"https:\/\/aubellys.fr\/wp-content\/uploads\/2026\/03\/Muffins-sans-gluen-sans-lactose-chocolat-noir-IG-bas-patiiserie-Aubellys-occitanie-rotated.jpg 450w, https:\/\/aubellys.fr\/wp-content\/uploads\/2026\/03\/Muffins-sans-gluen-sans-lactose-chocolat-noir-IG-bas-patiiserie-Aubellys-occitanie-225x300.jpg 225w\" sizes=\"auto, (max-width: 450px) 100vw, 450px\" \/><\/figure>\n<\/div>\n\n\n\n<div class=\"wp-block-column is-layout-flow wp-block-column-is-layout-flow\">\n<figure class=\"wp-block-image size-full\"><img loading=\"lazy\" decoding=\"async\" width=\"300\" height=\"400\" src=\"http:\/\/aubellys.fr\/wp-content\/uploads\/2026\/03\/Muffins-pomme-romarin-IG-bas-et-sans-lactose-Patisserie-Aubellys-lavaur.jpg\" alt=\"\" class=\"wp-image-1477\" srcset=\"https:\/\/aubellys.fr\/wp-content\/uploads\/2026\/03\/Muffins-pomme-romarin-IG-bas-et-sans-lactose-Patisserie-Aubellys-lavaur.jpg 300w, https:\/\/aubellys.fr\/wp-content\/uploads\/2026\/03\/Muffins-pomme-romarin-IG-bas-et-sans-lactose-Patisserie-Aubellys-lavaur-225x300.jpg 225w\" sizes=\"auto, (max-width: 300px) 100vw, 300px\" \/><\/figure>\n<\/div>\n\n\n\n<div class=\"wp-block-column is-layout-flow wp-block-column-is-layout-flow\">\n<figure class=\"wp-block-image size-full\"><img loading=\"lazy\" decoding=\"async\" width=\"525\" height=\"700\" src=\"https:\/\/aubellys.fr\/wp-content\/uploads\/2026\/03\/Coeur-muffins-IG-bas-sans-gluten-sans-lactose-Aubellys-Lavaur-rotated.jpg\" alt=\"\" class=\"wp-image-1510\" srcset=\"https:\/\/aubellys.fr\/wp-content\/uploads\/2026\/03\/Coeur-muffins-IG-bas-sans-gluten-sans-lactose-Aubellys-Lavaur-rotated.jpg 525w, https:\/\/aubellys.fr\/wp-content\/uploads\/2026\/03\/Coeur-muffins-IG-bas-sans-gluten-sans-lactose-Aubellys-Lavaur-225x300.jpg 225w\" sizes=\"auto, (max-width: 525px) 100vw, 525px\" \/><\/figure>\n<\/div>\n<\/div>\n\n\n\n<div class=\"wp-block-columns is-layout-flex wp-container-core-columns-is-layout-9d6595d7 wp-block-columns-is-layout-flex\">\n<div class=\"wp-block-column is-layout-flow wp-block-column-is-layout-flow\">\n<figure class=\"wp-block-image size-large\"><img loading=\"lazy\" decoding=\"async\" width=\"724\" height=\"1024\" src=\"http:\/\/aubellys.fr\/wp-content\/uploads\/2026\/03\/patisserie-moelleux-sans-gluten-vegan-IG-bas-Aubellys-Toulouse-Lavaur-724x1024.png\" alt=\"\" class=\"wp-image-1400\" srcset=\"https:\/\/aubellys.fr\/wp-content\/uploads\/2026\/03\/patisserie-moelleux-sans-gluten-vegan-IG-bas-Aubellys-Toulouse-Lavaur-724x1024.png 724w, https:\/\/aubellys.fr\/wp-content\/uploads\/2026\/03\/patisserie-moelleux-sans-gluten-vegan-IG-bas-Aubellys-Toulouse-Lavaur-212x300.png 212w, https:\/\/aubellys.fr\/wp-content\/uploads\/2026\/03\/patisserie-moelleux-sans-gluten-vegan-IG-bas-Aubellys-Toulouse-Lavaur-768x1086.png 768w, https:\/\/aubellys.fr\/wp-content\/uploads\/2026\/03\/patisserie-moelleux-sans-gluten-vegan-IG-bas-Aubellys-Toulouse-Lavaur-1086x1536.png 1086w, https:\/\/aubellys.fr\/wp-content\/uploads\/2026\/03\/patisserie-moelleux-sans-gluten-vegan-IG-bas-Aubellys-Toulouse-Lavaur.png 1414w\" sizes=\"auto, (max-width: 724px) 100vw, 724px\" \/><\/figure>\n<\/div>\n\n\n\n<div class=\"wp-block-column is-layout-flow wp-block-column-is-layout-flow\">\n<figure class=\"wp-block-image size-large\"><img loading=\"lazy\" decoding=\"async\" width=\"724\" height=\"1024\" src=\"http:\/\/aubellys.fr\/wp-content\/uploads\/2026\/03\/coeur-gateau-IG-bas-patiiserie-Lavaur-toulouse-Aubellys-724x1024.png\" alt=\"\" class=\"wp-image-1398\" srcset=\"https:\/\/aubellys.fr\/wp-content\/uploads\/2026\/03\/coeur-gateau-IG-bas-patiiserie-Lavaur-toulouse-Aubellys-724x1024.png 724w, https:\/\/aubellys.fr\/wp-content\/uploads\/2026\/03\/coeur-gateau-IG-bas-patiiserie-Lavaur-toulouse-Aubellys-212x300.png 212w, https:\/\/aubellys.fr\/wp-content\/uploads\/2026\/03\/coeur-gateau-IG-bas-patiiserie-Lavaur-toulouse-Aubellys-768x1086.png 768w, https:\/\/aubellys.fr\/wp-content\/uploads\/2026\/03\/coeur-gateau-IG-bas-patiiserie-Lavaur-toulouse-Aubellys-1086x1536.png 1086w, https:\/\/aubellys.fr\/wp-content\/uploads\/2026\/03\/coeur-gateau-IG-bas-patiiserie-Lavaur-toulouse-Aubellys.png 1414w\" sizes=\"auto, (max-width: 724px) 100vw, 724px\" \/><\/figure>\n<\/div>\n<\/div>\n\n\n\n<div class=\"wp-block-group is-layout-grid wp-container-core-group-is-layout-9649a0d9 wp-block-group-is-layout-grid\">\n<div class=\"wp-block-columns is-layout-flex wp-container-core-columns-is-layout-9d6595d7 wp-block-columns-is-layout-flex\">\n<div class=\"wp-block-column is-layout-flow wp-block-column-is-layout-flow\" style=\"flex-basis:100%\">\n<figure class=\"wp-block-image size-full is-style-rounded\"><img loading=\"lazy\" decoding=\"async\" width=\"600\" height=\"800\" src=\"http:\/\/aubellys.fr\/wp-content\/uploads\/2025\/04\/1a414ed83300c028aa839506f10057d0.png\" alt=\"\" class=\"wp-image-210\" srcset=\"https:\/\/aubellys.fr\/wp-content\/uploads\/2025\/04\/1a414ed83300c028aa839506f10057d0.png 600w, https:\/\/aubellys.fr\/wp-content\/uploads\/2025\/04\/1a414ed83300c028aa839506f10057d0-225x300.png 225w\" sizes=\"auto, (max-width: 600px) 100vw, 600px\" \/><\/figure>\n<\/div>\n<\/div>\n\n\n\n<figure class=\"wp-block-image size-large is-style-rounded\"><img loading=\"lazy\" decoding=\"async\" width=\"768\" height=\"1024\" src=\"http:\/\/aubellys.fr\/wp-content\/uploads\/2026\/03\/IMG_4338-1-768x1024.jpg\" alt=\"\" class=\"wp-image-1428\" srcset=\"https:\/\/aubellys.fr\/wp-content\/uploads\/2026\/03\/IMG_4338-1-768x1024.jpg 768w, https:\/\/aubellys.fr\/wp-content\/uploads\/2026\/03\/IMG_4338-1-225x300.jpg 225w, https:\/\/aubellys.fr\/wp-content\/uploads\/2026\/03\/IMG_4338-1-1152x1536.jpg 1152w, https:\/\/aubellys.fr\/wp-content\/uploads\/2026\/03\/IMG_4338-1-1536x2048.jpg 1536w, https:\/\/aubellys.fr\/wp-content\/uploads\/2026\/03\/IMG_4338-1-scaled.jpg 1920w\" sizes=\"auto, (max-width: 706px) 89vw, (max-width: 767px) 82vw, 740px\" \/><\/figure>\n\n\n\n<figure class=\"wp-block-image size-large is-style-rounded\"><img loading=\"lazy\" decoding=\"async\" width=\"768\" height=\"1024\" src=\"http:\/\/aubellys.fr\/wp-content\/uploads\/2026\/03\/IMG_4847-768x1024.jpg\" alt=\"\" class=\"wp-image-1427\" srcset=\"https:\/\/aubellys.fr\/wp-content\/uploads\/2026\/03\/IMG_4847-768x1024.jpg 768w, https:\/\/aubellys.fr\/wp-content\/uploads\/2026\/03\/IMG_4847-225x300.jpg 225w, https:\/\/aubellys.fr\/wp-content\/uploads\/2026\/03\/IMG_4847-1152x1536.jpg 1152w, https:\/\/aubellys.fr\/wp-content\/uploads\/2026\/03\/IMG_4847-1536x2048.jpg 1536w, https:\/\/aubellys.fr\/wp-content\/uploads\/2026\/03\/IMG_4847-scaled.jpg 1920w\" sizes=\"auto, (max-width: 706px) 89vw, (max-width: 767px) 82vw, 740px\" \/><\/figure>\n<\/div>\n\n\n<div class=\"wp-block-image\">\n<figure class=\"aligncenter size-large is-resized\"><img loading=\"lazy\" decoding=\"async\" width=\"768\" height=\"1024\" src=\"http:\/\/aubellys.fr\/wp-content\/uploads\/2026\/03\/IMG_4901-768x1024.jpg\" alt=\"\" class=\"wp-image-1426\" style=\"aspect-ratio:0.750008693535487;width:275px;height:auto\" srcset=\"https:\/\/aubellys.fr\/wp-content\/uploads\/2026\/03\/IMG_4901-768x1024.jpg 768w, https:\/\/aubellys.fr\/wp-content\/uploads\/2026\/03\/IMG_4901-225x300.jpg 225w, https:\/\/aubellys.fr\/wp-content\/uploads\/2026\/03\/IMG_4901-1152x1536.jpg 1152w, https:\/\/aubellys.fr\/wp-content\/uploads\/2026\/03\/IMG_4901-1536x2048.jpg 1536w, https:\/\/aubellys.fr\/wp-content\/uploads\/2026\/03\/IMG_4901-scaled.jpg 1920w\" sizes=\"auto, (max-width: 706px) 89vw, (max-width: 767px) 82vw, 740px\" \/><\/figure>\n<\/div>\n\n\n<p><em><strong>Informations compl\u00e9mentaires:<\/strong><\/em><\/p>\n\n\n\n<p><em>SG: sans gluten<\/em> &#8211; <em>SL: sans lactose<\/em>  &#8211; <em>V: v\u00e9gan<\/em><\/p>\n\n\n\n<p><em>Atelier de fabrication utilisant du gluten<\/em><\/p>\n\n\n<div class=\"wp-block-image\">\n<figure class=\"aligncenter size-large is-resized\"><img loading=\"lazy\" decoding=\"async\" width=\"794\" height=\"1123\" src=\"http:\/\/aubellys.fr\/wp-content\/uploads\/2025\/09\/Aubellys-cuisine-florale.svg\" alt=\"\" class=\"wp-image-725\" style=\"aspect-ratio:0.7070432231310134;width:337px;height:auto\"\/><\/figure>\n<\/div>","protected":false},"excerpt":{"rendered":"<p>Ces tr\u00e9sors de douceur sont une invitation \u00e0 savourer l\u2019harmonie parfaite entre gourmandise et bien-\u00eatre. Recettes IG BAS , avec des sucres complets (non raffin\u00e9) IG bas: indice glyc\u00e9mique bas. BISCUITS Un d\u00e9lice sain et gourmand, qui transforme votre pause en un moment de douceur, de plaisir pour les papilles et de l\u00e9g\u00e8ret\u00e9. Lavande Amande &hellip; <\/p>\n<p class=\"link-more\"><a href=\"https:\/\/aubellys.fr\/index.php\/patisseries-seches\/\" class=\"more-link\">Continuer la lecture<span class=\"screen-reader-text\"> de &laquo;&nbsp;PATISSERIE&nbsp;&raquo;<\/span><\/a><\/p>\n","protected":false},"author":1,"featured_media":292,"parent":0,"menu_order":0,"comment_status":"closed","ping_status":"closed","template":"","meta":{"inline_featured_image":false,"footnotes":""},"class_list":["post-134","page","type-page","status-publish","has-post-thumbnail","hentry"],"_links":{"self":[{"href":"https:\/\/aubellys.fr\/index.php\/wp-json\/wp\/v2\/pages\/134","targetHints":{"allow":["GET"]}}],"collection":[{"href":"https:\/\/aubellys.fr\/index.php\/wp-json\/wp\/v2\/pages"}],"about":[{"href":"https:\/\/aubellys.fr\/index.php\/wp-json\/wp\/v2\/types\/page"}],"author":[{"embeddable":true,"href":"https:\/\/aubellys.fr\/index.php\/wp-json\/wp\/v2\/users\/1"}],"replies":[{"embeddable":true,"href":"https:\/\/aubellys.fr\/index.php\/wp-json\/wp\/v2\/comments?post=134"}],"version-history":[{"count":127,"href":"https:\/\/aubellys.fr\/index.php\/wp-json\/wp\/v2\/pages\/134\/revisions"}],"predecessor-version":[{"id":1518,"href":"https:\/\/aubellys.fr\/index.php\/wp-json\/wp\/v2\/pages\/134\/revisions\/1518"}],"wp:featuredmedia":[{"embeddable":true,"href":"https:\/\/aubellys.fr\/index.php\/wp-json\/wp\/v2\/media\/292"}],"wp:attachment":[{"href":"https:\/\/aubellys.fr\/index.php\/wp-json\/wp\/v2\/media?parent=134"}],"curies":[{"name":"wp","href":"https:\/\/api.w.org\/{rel}","templated":true}]}}