{"id":199,"date":"2025-04-19T18:11:25","date_gmt":"2025-04-19T16:11:25","guid":{"rendered":"https:\/\/aubellys.fr\/?page_id=199"},"modified":"2026-03-11T17:10:34","modified_gmt":"2026-03-11T16:10:34","slug":"mes-prestations","status":"publish","type":"page","link":"https:\/\/aubellys.fr\/index.php\/mes-prestations\/","title":{"rendered":"Prestations"},"content":{"rendered":"\n<h2 class=\"wp-block-heading\"><strong>Amoureux de l\u2019art culinaire, je vous propose des exp\u00e9riences gustatives et po\u00e9tiques avec des prestations sur mesure, con\u00e7us avec raffinement et passion.<\/strong><\/h2>\n\n\n\n<p>J&rsquo;ai \u00e0 c\u0153ur de mettre en avant le v\u00e9ritable go\u00fbt des produits, le terroir local et une alimentation saine et gourmande.<\/p>\n\n\n\n<p><br><strong>Pens\u00e9 pour sublimer vos r\u00e9ceptions priv\u00e9es&nbsp;ou&nbsp;professionnelles pour qu&rsquo;ils deviennent des moments de partages pr\u00e9cieux et m\u00e9morables.<\/strong><\/p>\n\n\n\n<p><\/p>\n\n\n\n<figure class=\"wp-block-gallery has-nested-images columns-default is-cropped wp-block-gallery-1 is-layout-flex wp-block-gallery-is-layout-flex\">\n<figure class=\"wp-block-image size-large\"><img loading=\"lazy\" decoding=\"async\" width=\"768\" height=\"1024\" data-id=\"505\" src=\"https:\/\/aubellys.fr\/wp-content\/uploads\/2025\/08\/IMG_1153-768x1024.jpg\" alt=\"\" class=\"wp-image-505\" srcset=\"https:\/\/aubellys.fr\/wp-content\/uploads\/2025\/08\/IMG_1153-768x1024.jpg 768w, https:\/\/aubellys.fr\/wp-content\/uploads\/2025\/08\/IMG_1153-225x300.jpg 225w, https:\/\/aubellys.fr\/wp-content\/uploads\/2025\/08\/IMG_1153-1152x1536.jpg 1152w, https:\/\/aubellys.fr\/wp-content\/uploads\/2025\/08\/IMG_1153-1536x2048.jpg 1536w, https:\/\/aubellys.fr\/wp-content\/uploads\/2025\/08\/IMG_1153-scaled.jpg 1920w\" sizes=\"auto, (max-width: 706px) 89vw, (max-width: 767px) 82vw, 740px\" \/><\/figure>\n\n\n\n<figure class=\"wp-block-image size-large\"><img loading=\"lazy\" decoding=\"async\" width=\"768\" height=\"1024\" data-id=\"322\" src=\"https:\/\/aubellys.fr\/wp-content\/uploads\/2025\/08\/IMG_2893-1-768x1024.jpg\" alt=\"\" class=\"wp-image-322\" srcset=\"https:\/\/aubellys.fr\/wp-content\/uploads\/2025\/08\/IMG_2893-1-768x1024.jpg 768w, https:\/\/aubellys.fr\/wp-content\/uploads\/2025\/08\/IMG_2893-1-225x300.jpg 225w, https:\/\/aubellys.fr\/wp-content\/uploads\/2025\/08\/IMG_2893-1-1152x1536.jpg 1152w, https:\/\/aubellys.fr\/wp-content\/uploads\/2025\/08\/IMG_2893-1-1536x2048.jpg 1536w, https:\/\/aubellys.fr\/wp-content\/uploads\/2025\/08\/IMG_2893-1-scaled.jpg 1920w\" sizes=\"auto, (max-width: 706px) 89vw, (max-width: 767px) 82vw, 740px\" \/><\/figure>\n\n\n\n<figure class=\"wp-block-image size-large\"><img loading=\"lazy\" decoding=\"async\" width=\"768\" height=\"1024\" data-id=\"655\" src=\"https:\/\/aubellys.fr\/wp-content\/uploads\/2025\/09\/Evenement-prive-traiteur-Lavaur-Aubellys-buffet-floral-grazing-768x1024.jpg\" alt=\"\" class=\"wp-image-655\" srcset=\"https:\/\/aubellys.fr\/wp-content\/uploads\/2025\/09\/Evenement-prive-traiteur-Lavaur-Aubellys-buffet-floral-grazing-768x1024.jpg 768w, https:\/\/aubellys.fr\/wp-content\/uploads\/2025\/09\/Evenement-prive-traiteur-Lavaur-Aubellys-buffet-floral-grazing-225x300.jpg 225w, https:\/\/aubellys.fr\/wp-content\/uploads\/2025\/09\/Evenement-prive-traiteur-Lavaur-Aubellys-buffet-floral-grazing-1152x1536.jpg 1152w, https:\/\/aubellys.fr\/wp-content\/uploads\/2025\/09\/Evenement-prive-traiteur-Lavaur-Aubellys-buffet-floral-grazing-1536x2048.jpg 1536w, https:\/\/aubellys.fr\/wp-content\/uploads\/2025\/09\/Evenement-prive-traiteur-Lavaur-Aubellys-buffet-floral-grazing-scaled.jpg 1920w\" sizes=\"auto, (max-width: 706px) 89vw, (max-width: 767px) 82vw, 740px\" \/><\/figure>\n<\/figure>\n\n\n\n<h2 class=\"wp-block-heading\"><strong>Des tables con\u00e7ues comme une \u0153uvre d\u2019art comestible o\u00f9 les beaut\u00e9s de la nature embelliront votre \u00e9v\u00e9nement.<\/strong><\/h2>\n\n\n\n<ul class=\"wp-block-list\">\n<li>Tableau culinaire, plateau<\/li>\n\n\n\n<li>Buffet Grazing Table<\/li>\n\n\n\n<li>Brunch<\/li>\n\n\n\n<li>Petit d\u00e9jeuner, Go\u00fbter <\/li>\n<\/ul>\n\n\n\n<h2 class=\"wp-block-heading\"><strong>LES EVENEMENTS:<\/strong><\/h2>\n\n\n\n<ul class=\"wp-block-list\">\n<li>Mariage, anniversaire, bapt\u00eame, go\u00fbter, enterrement de vie de c\u00e9libataire, baby shower, &#8230;<\/li>\n\n\n\n<li>Repas d\u2019entreprise, petit -d\u00e9jeuner, pot de d\u00e9part, &#8230;<\/li>\n\n\n\n<li>Retraite bien-\u00eatre, &#8230;<\/li>\n<\/ul>\n\n\n\n<h2 class=\"wp-block-heading\"><strong>POUR:<\/strong><\/h2>\n\n\n\n<ul class=\"wp-block-list\">\n<li>Les particuliers<\/li>\n\n\n\n<li>Les professionnels<\/li>\n<\/ul>\n\n\n\n<div class=\"wp-block-group is-layout-grid wp-container-core-group-is-layout-9649a0d9 wp-block-group-is-layout-grid\"><\/div>\n\n\n\n<figure class=\"wp-block-gallery has-nested-images columns-default is-cropped wp-block-gallery-2 is-layout-flex wp-block-gallery-is-layout-flex\">\n<figure class=\"wp-block-image size-large\"><img loading=\"lazy\" decoding=\"async\" width=\"768\" height=\"1024\" data-id=\"651\" src=\"https:\/\/aubellys.fr\/wp-content\/uploads\/2025\/09\/Musee-Micro-folie-St-Sulpice-buffet-Aubellys-768x1024.jpg\" alt=\"\" class=\"wp-image-651\" srcset=\"https:\/\/aubellys.fr\/wp-content\/uploads\/2025\/09\/Musee-Micro-folie-St-Sulpice-buffet-Aubellys-768x1024.jpg 768w, https:\/\/aubellys.fr\/wp-content\/uploads\/2025\/09\/Musee-Micro-folie-St-Sulpice-buffet-Aubellys-225x300.jpg 225w, https:\/\/aubellys.fr\/wp-content\/uploads\/2025\/09\/Musee-Micro-folie-St-Sulpice-buffet-Aubellys-1152x1536.jpg 1152w, https:\/\/aubellys.fr\/wp-content\/uploads\/2025\/09\/Musee-Micro-folie-St-Sulpice-buffet-Aubellys-1536x2048.jpg 1536w, https:\/\/aubellys.fr\/wp-content\/uploads\/2025\/09\/Musee-Micro-folie-St-Sulpice-buffet-Aubellys-scaled.jpg 1920w\" sizes=\"auto, (max-width: 706px) 89vw, (max-width: 767px) 82vw, 740px\" \/><\/figure>\n\n\n\n<figure class=\"wp-block-image size-large\"><img loading=\"lazy\" decoding=\"async\" width=\"768\" height=\"1024\" data-id=\"649\" src=\"https:\/\/aubellys.fr\/wp-content\/uploads\/2025\/09\/Aubellys-traiteur-patisserie-IG-bas-Micro-Folie-Office-tourisme-st-sulpice-la-pointe-768x1024.jpg\" alt=\"\" class=\"wp-image-649\" srcset=\"https:\/\/aubellys.fr\/wp-content\/uploads\/2025\/09\/Aubellys-traiteur-patisserie-IG-bas-Micro-Folie-Office-tourisme-st-sulpice-la-pointe-768x1024.jpg 768w, https:\/\/aubellys.fr\/wp-content\/uploads\/2025\/09\/Aubellys-traiteur-patisserie-IG-bas-Micro-Folie-Office-tourisme-st-sulpice-la-pointe-225x300.jpg 225w, https:\/\/aubellys.fr\/wp-content\/uploads\/2025\/09\/Aubellys-traiteur-patisserie-IG-bas-Micro-Folie-Office-tourisme-st-sulpice-la-pointe-1152x1536.jpg 1152w, https:\/\/aubellys.fr\/wp-content\/uploads\/2025\/09\/Aubellys-traiteur-patisserie-IG-bas-Micro-Folie-Office-tourisme-st-sulpice-la-pointe-1536x2048.jpg 1536w, https:\/\/aubellys.fr\/wp-content\/uploads\/2025\/09\/Aubellys-traiteur-patisserie-IG-bas-Micro-Folie-Office-tourisme-st-sulpice-la-pointe-scaled.jpg 1920w\" sizes=\"auto, (max-width: 706px) 89vw, (max-width: 767px) 82vw, 740px\" \/><\/figure>\n<\/figure>\n\n\n\n<figure class=\"wp-block-gallery has-nested-images columns-default is-cropped wp-block-gallery-3 is-layout-flex wp-block-gallery-is-layout-flex\">\n<figure class=\"wp-block-image size-large\"><img loading=\"lazy\" decoding=\"async\" width=\"600\" height=\"800\" data-id=\"195\" src=\"https:\/\/aubellys.fr\/wp-content\/uploads\/2025\/04\/d7531f767d667a1df18d1b49014ae9cc.jpg\" alt=\"\" class=\"wp-image-195\" srcset=\"https:\/\/aubellys.fr\/wp-content\/uploads\/2025\/04\/d7531f767d667a1df18d1b49014ae9cc.jpg 600w, https:\/\/aubellys.fr\/wp-content\/uploads\/2025\/04\/d7531f767d667a1df18d1b49014ae9cc-225x300.jpg 225w\" sizes=\"auto, (max-width: 600px) 100vw, 600px\" \/><\/figure>\n\n\n\n<figure class=\"wp-block-image size-large\"><img loading=\"lazy\" decoding=\"async\" width=\"768\" height=\"1024\" data-id=\"668\" src=\"https:\/\/aubellys.fr\/wp-content\/uploads\/2025\/09\/IMG_2922-768x1024.jpg\" alt=\"\" class=\"wp-image-668\" srcset=\"https:\/\/aubellys.fr\/wp-content\/uploads\/2025\/09\/IMG_2922-768x1024.jpg 768w, https:\/\/aubellys.fr\/wp-content\/uploads\/2025\/09\/IMG_2922-225x300.jpg 225w, https:\/\/aubellys.fr\/wp-content\/uploads\/2025\/09\/IMG_2922-1152x1536.jpg 1152w, https:\/\/aubellys.fr\/wp-content\/uploads\/2025\/09\/IMG_2922-1536x2048.jpg 1536w, https:\/\/aubellys.fr\/wp-content\/uploads\/2025\/09\/IMG_2922-scaled.jpg 1920w\" sizes=\"auto, (max-width: 706px) 89vw, (max-width: 767px) 82vw, 740px\" \/><\/figure>\n\n\n\n<figure class=\"wp-block-image size-large\"><img loading=\"lazy\" decoding=\"async\" width=\"768\" height=\"1024\" data-id=\"216\" src=\"https:\/\/aubellys.fr\/wp-content\/uploads\/2025\/04\/0f5cac9d00009fb7186a321ace9eba7d-1-768x1024.jpg\" alt=\"\" class=\"wp-image-216\" srcset=\"https:\/\/aubellys.fr\/wp-content\/uploads\/2025\/04\/0f5cac9d00009fb7186a321ace9eba7d-1-768x1024.jpg 768w, https:\/\/aubellys.fr\/wp-content\/uploads\/2025\/04\/0f5cac9d00009fb7186a321ace9eba7d-1-225x300.jpg 225w, https:\/\/aubellys.fr\/wp-content\/uploads\/2025\/04\/0f5cac9d00009fb7186a321ace9eba7d-1-1152x1536.jpg 1152w, https:\/\/aubellys.fr\/wp-content\/uploads\/2025\/04\/0f5cac9d00009fb7186a321ace9eba7d-1.jpg 1200w\" sizes=\"auto, (max-width: 706px) 89vw, (max-width: 767px) 82vw, 740px\" \/><\/figure>\n\n\n\n<figure class=\"wp-block-image size-large\"><img loading=\"lazy\" decoding=\"async\" width=\"786\" height=\"1024\" data-id=\"654\" src=\"https:\/\/aubellys.fr\/wp-content\/uploads\/2025\/09\/Espace-fil-good-traiteur-vegetarien-Aubellys--786x1024.jpg\" alt=\"\" class=\"wp-image-654\" srcset=\"https:\/\/aubellys.fr\/wp-content\/uploads\/2025\/09\/Espace-fil-good-traiteur-vegetarien-Aubellys--786x1024.jpg 786w, https:\/\/aubellys.fr\/wp-content\/uploads\/2025\/09\/Espace-fil-good-traiteur-vegetarien-Aubellys--230x300.jpg 230w, https:\/\/aubellys.fr\/wp-content\/uploads\/2025\/09\/Espace-fil-good-traiteur-vegetarien-Aubellys--768x1000.jpg 768w, https:\/\/aubellys.fr\/wp-content\/uploads\/2025\/09\/Espace-fil-good-traiteur-vegetarien-Aubellys--1179x1536.jpg 1179w, https:\/\/aubellys.fr\/wp-content\/uploads\/2025\/09\/Espace-fil-good-traiteur-vegetarien-Aubellys--1573x2048.jpg 1573w, https:\/\/aubellys.fr\/wp-content\/uploads\/2025\/09\/Espace-fil-good-traiteur-vegetarien-Aubellys--scaled.jpg 1966w\" sizes=\"auto, (max-width: 706px) 89vw, (max-width: 767px) 82vw, 740px\" \/><\/figure>\n\n\n\n<figure class=\"wp-block-image size-large\"><img loading=\"lazy\" decoding=\"async\" width=\"768\" height=\"1024\" data-id=\"653\" src=\"https:\/\/aubellys.fr\/wp-content\/uploads\/2025\/09\/Biscuits-floraux-Aubellys-Lavaur-pays-de-cocagne-hotel-ibis-768x1024.jpg\" alt=\"\" class=\"wp-image-653\" srcset=\"https:\/\/aubellys.fr\/wp-content\/uploads\/2025\/09\/Biscuits-floraux-Aubellys-Lavaur-pays-de-cocagne-hotel-ibis-768x1024.jpg 768w, https:\/\/aubellys.fr\/wp-content\/uploads\/2025\/09\/Biscuits-floraux-Aubellys-Lavaur-pays-de-cocagne-hotel-ibis-225x300.jpg 225w, https:\/\/aubellys.fr\/wp-content\/uploads\/2025\/09\/Biscuits-floraux-Aubellys-Lavaur-pays-de-cocagne-hotel-ibis-1152x1536.jpg 1152w, https:\/\/aubellys.fr\/wp-content\/uploads\/2025\/09\/Biscuits-floraux-Aubellys-Lavaur-pays-de-cocagne-hotel-ibis-1536x2048.jpg 1536w, https:\/\/aubellys.fr\/wp-content\/uploads\/2025\/09\/Biscuits-floraux-Aubellys-Lavaur-pays-de-cocagne-hotel-ibis-scaled.jpg 1920w\" sizes=\"auto, (max-width: 706px) 89vw, (max-width: 767px) 82vw, 740px\" \/><\/figure>\n\n\n\n<figure class=\"wp-block-image size-large\"><img loading=\"lazy\" decoding=\"async\" width=\"768\" height=\"1024\" data-id=\"662\" src=\"https:\/\/aubellys.fr\/wp-content\/uploads\/2025\/09\/Traiteur-Aubellys-St-Sulpice-la-pointe-musee-numerique-tarn-agout-768x1024.jpg\" alt=\"\" class=\"wp-image-662\" srcset=\"https:\/\/aubellys.fr\/wp-content\/uploads\/2025\/09\/Traiteur-Aubellys-St-Sulpice-la-pointe-musee-numerique-tarn-agout-768x1024.jpg 768w, https:\/\/aubellys.fr\/wp-content\/uploads\/2025\/09\/Traiteur-Aubellys-St-Sulpice-la-pointe-musee-numerique-tarn-agout-225x300.jpg 225w, https:\/\/aubellys.fr\/wp-content\/uploads\/2025\/09\/Traiteur-Aubellys-St-Sulpice-la-pointe-musee-numerique-tarn-agout-1152x1536.jpg 1152w, https:\/\/aubellys.fr\/wp-content\/uploads\/2025\/09\/Traiteur-Aubellys-St-Sulpice-la-pointe-musee-numerique-tarn-agout-1536x2048.jpg 1536w, https:\/\/aubellys.fr\/wp-content\/uploads\/2025\/09\/Traiteur-Aubellys-St-Sulpice-la-pointe-musee-numerique-tarn-agout-scaled.jpg 1920w\" sizes=\"auto, (max-width: 706px) 89vw, (max-width: 767px) 82vw, 740px\" \/><\/figure>\n<\/figure>\n\n\n\n<figure class=\"wp-block-image size-large\"><img loading=\"lazy\" decoding=\"async\" width=\"768\" height=\"1024\" src=\"https:\/\/aubellys.fr\/wp-content\/uploads\/2025\/09\/Tarn-agout-Lavaur-Aubellys-patisserie-florale-768x1024.jpg\" alt=\"\" class=\"wp-image-656\" srcset=\"https:\/\/aubellys.fr\/wp-content\/uploads\/2025\/09\/Tarn-agout-Lavaur-Aubellys-patisserie-florale-768x1024.jpg 768w, https:\/\/aubellys.fr\/wp-content\/uploads\/2025\/09\/Tarn-agout-Lavaur-Aubellys-patisserie-florale-225x300.jpg 225w, https:\/\/aubellys.fr\/wp-content\/uploads\/2025\/09\/Tarn-agout-Lavaur-Aubellys-patisserie-florale-1152x1536.jpg 1152w, https:\/\/aubellys.fr\/wp-content\/uploads\/2025\/09\/Tarn-agout-Lavaur-Aubellys-patisserie-florale-1536x2048.jpg 1536w, https:\/\/aubellys.fr\/wp-content\/uploads\/2025\/09\/Tarn-agout-Lavaur-Aubellys-patisserie-florale-scaled.jpg 1920w\" sizes=\"auto, (max-width: 706px) 89vw, (max-width: 767px) 82vw, 740px\" \/><\/figure>\n\n\n\n<figure class=\"wp-block-gallery has-nested-images columns-default is-cropped wp-block-gallery-4 is-layout-flex wp-block-gallery-is-layout-flex\">\n<figure class=\"wp-block-image size-large\"><img loading=\"lazy\" decoding=\"async\" width=\"576\" height=\"1024\" data-id=\"800\" src=\"https:\/\/aubellys.fr\/wp-content\/uploads\/2025\/09\/Table-et-cuisine-florale-Aubellys-576x1024.jpg\" alt=\"\" class=\"wp-image-800\" srcset=\"https:\/\/aubellys.fr\/wp-content\/uploads\/2025\/09\/Table-et-cuisine-florale-Aubellys-576x1024.jpg 576w, https:\/\/aubellys.fr\/wp-content\/uploads\/2025\/09\/Table-et-cuisine-florale-Aubellys-169x300.jpg 169w, https:\/\/aubellys.fr\/wp-content\/uploads\/2025\/09\/Table-et-cuisine-florale-Aubellys-768x1365.jpg 768w, https:\/\/aubellys.fr\/wp-content\/uploads\/2025\/09\/Table-et-cuisine-florale-Aubellys-864x1536.jpg 864w, https:\/\/aubellys.fr\/wp-content\/uploads\/2025\/09\/Table-et-cuisine-florale-Aubellys.jpg 1134w\" sizes=\"auto, (max-width: 576px) 100vw, 576px\" \/><\/figure>\n<\/figure>\n\n\n\n<div class=\"wp-block-columns is-layout-flex wp-container-core-columns-is-layout-9d6595d7 wp-block-columns-is-layout-flex\">\n<div class=\"wp-block-column is-layout-flow wp-block-column-is-layout-flow\">\n<div class=\"wp-block-columns is-layout-flex wp-container-core-columns-is-layout-9d6595d7 wp-block-columns-is-layout-flex\">\n<div class=\"wp-block-column is-layout-flow wp-block-column-is-layout-flow\" style=\"flex-basis:66.66%\"><\/div>\n\n\n\n<div class=\"wp-block-column is-layout-flow wp-block-column-is-layout-flow\" style=\"flex-basis:33.33%\"><\/div>\n<\/div>\n<\/div>\n<\/div>\n","protected":false},"excerpt":{"rendered":"<p>Amoureux de l\u2019art culinaire, je vous propose des exp\u00e9riences gustatives et po\u00e9tiques avec des prestations sur mesure, con\u00e7us avec raffinement et passion. J&rsquo;ai \u00e0 c\u0153ur de mettre en avant le v\u00e9ritable go\u00fbt des produits, le terroir local et une alimentation saine et gourmande. Pens\u00e9 pour sublimer vos r\u00e9ceptions priv\u00e9es&nbsp;ou&nbsp;professionnelles pour qu&rsquo;ils deviennent des moments de &hellip; <\/p>\n<p class=\"link-more\"><a href=\"https:\/\/aubellys.fr\/index.php\/mes-prestations\/\" class=\"more-link\">Continuer la lecture<span class=\"screen-reader-text\"> de &laquo;&nbsp;Prestations&nbsp;&raquo;<\/span><\/a><\/p>\n","protected":false},"author":1,"featured_media":302,"parent":0,"menu_order":0,"comment_status":"closed","ping_status":"closed","template":"","meta":{"inline_featured_image":false,"footnotes":""},"class_list":["post-199","page","type-page","status-publish","has-post-thumbnail","hentry"],"_links":{"self":[{"href":"https:\/\/aubellys.fr\/index.php\/wp-json\/wp\/v2\/pages\/199","targetHints":{"allow":["GET"]}}],"collection":[{"href":"https:\/\/aubellys.fr\/index.php\/wp-json\/wp\/v2\/pages"}],"about":[{"href":"https:\/\/aubellys.fr\/index.php\/wp-json\/wp\/v2\/types\/page"}],"author":[{"embeddable":true,"href":"https:\/\/aubellys.fr\/index.php\/wp-json\/wp\/v2\/users\/1"}],"replies":[{"embeddable":true,"href":"https:\/\/aubellys.fr\/index.php\/wp-json\/wp\/v2\/comments?post=199"}],"version-history":[{"count":49,"href":"https:\/\/aubellys.fr\/index.php\/wp-json\/wp\/v2\/pages\/199\/revisions"}],"predecessor-version":[{"id":1409,"href":"https:\/\/aubellys.fr\/index.php\/wp-json\/wp\/v2\/pages\/199\/revisions\/1409"}],"wp:featuredmedia":[{"embeddable":true,"href":"https:\/\/aubellys.fr\/index.php\/wp-json\/wp\/v2\/media\/302"}],"wp:attachment":[{"href":"https:\/\/aubellys.fr\/index.php\/wp-json\/wp\/v2\/media?parent=199"}],"curies":[{"name":"wp","href":"https:\/\/api.w.org\/{rel}","templated":true}]}}