{"id":889,"date":"2025-09-30T08:27:52","date_gmt":"2025-09-30T06:27:52","guid":{"rendered":"https:\/\/aubellys.fr\/?page_id=889"},"modified":"2025-10-30T17:50:50","modified_gmt":"2025-10-30T16:50:50","slug":"cake-muffins-fruits-de-saison-petit-epeautre-romarin-sl","status":"publish","type":"page","link":"https:\/\/aubellys.fr\/index.php\/cake-muffins-fruits-de-saison-petit-epeautre-romarin-sl\/","title":{"rendered":"MOELLEUX FRUITS DE SAISON PETIT EPEAUTRE ROMARIN &#8211; SL"},"content":{"rendered":"\n<h2 class=\"wp-block-heading\"><strong>De la gourmandise r\u00e9confortante avec la poire et le romarin durant l&rsquo;automne.&nbsp;<\/strong><\/h2>\n\n\n\n<p>La poudre d&rsquo;amande danse avec le sucre fleur de coco, la farine de petit \u00e9peautre et le yaourt v\u00e9g\u00e9tal de soja qui s&rsquo;unissent avec l&rsquo;huile de tournesol pour une texture l\u00e9g\u00e9re et moelleuse.&nbsp;<\/p>\n\n\n<div class=\"wp-block-image\">\n<figure class=\"aligncenter size-large is-resized\"><img loading=\"lazy\" decoding=\"async\" width=\"768\" height=\"1024\" src=\"http:\/\/aubellys.fr\/wp-content\/uploads\/2025\/10\/IMG_3569-768x1024.jpg\" alt=\"\" class=\"wp-image-1006\" style=\"width:453px;height:auto\" srcset=\"https:\/\/aubellys.fr\/wp-content\/uploads\/2025\/10\/IMG_3569-768x1024.jpg 768w, https:\/\/aubellys.fr\/wp-content\/uploads\/2025\/10\/IMG_3569-225x300.jpg 225w, https:\/\/aubellys.fr\/wp-content\/uploads\/2025\/10\/IMG_3569-1152x1536.jpg 1152w, https:\/\/aubellys.fr\/wp-content\/uploads\/2025\/10\/IMG_3569-1536x2048.jpg 1536w, https:\/\/aubellys.fr\/wp-content\/uploads\/2025\/10\/IMG_3569-scaled.jpg 1920w\" sizes=\"auto, (max-width: 706px) 89vw, (max-width: 767px) 82vw, 740px\" \/><\/figure>\n<\/div>\n\n\n<p><strong>Une recette peu sucr\u00e9e, bienfaisante et respectueuse de votre \u00e9nergie, avec un indice glyc\u00e9mique faible.<\/strong><\/p>\n\n\n\n<p>Parfait pour une pause douce, o\u00f9 le corps et l&rsquo;esprit se r\u00e9galent.<\/p>\n\n\n\n<p>Pour 4, 6 ,8 ou 10 personnes ou  Part individuelle<\/p>\n\n\n\n<p>Sur commande<\/p>\n","protected":false},"excerpt":{"rendered":"<p>De la gourmandise r\u00e9confortante avec la poire et le romarin durant l&rsquo;automne.&nbsp; La poudre d&rsquo;amande danse avec le sucre fleur de coco, la farine de petit \u00e9peautre et le yaourt v\u00e9g\u00e9tal de soja qui s&rsquo;unissent avec l&rsquo;huile de tournesol pour une texture l\u00e9g\u00e9re et moelleuse.&nbsp; Une recette peu sucr\u00e9e, bienfaisante et respectueuse de votre \u00e9nergie, &hellip; <\/p>\n<p class=\"link-more\"><a href=\"https:\/\/aubellys.fr\/index.php\/cake-muffins-fruits-de-saison-petit-epeautre-romarin-sl\/\" class=\"more-link\">Continuer la lecture<span class=\"screen-reader-text\"> de &laquo;&nbsp;MOELLEUX FRUITS DE SAISON PETIT EPEAUTRE ROMARIN &#8211; SL&nbsp;&raquo;<\/span><\/a><\/p>\n","protected":false},"author":1,"featured_media":0,"parent":0,"menu_order":0,"comment_status":"closed","ping_status":"closed","template":"","meta":{"inline_featured_image":false,"footnotes":""},"class_list":["post-889","page","type-page","status-publish","hentry"],"_links":{"self":[{"href":"https:\/\/aubellys.fr\/index.php\/wp-json\/wp\/v2\/pages\/889","targetHints":{"allow":["GET"]}}],"collection":[{"href":"https:\/\/aubellys.fr\/index.php\/wp-json\/wp\/v2\/pages"}],"about":[{"href":"https:\/\/aubellys.fr\/index.php\/wp-json\/wp\/v2\/types\/page"}],"author":[{"embeddable":true,"href":"https:\/\/aubellys.fr\/index.php\/wp-json\/wp\/v2\/users\/1"}],"replies":[{"embeddable":true,"href":"https:\/\/aubellys.fr\/index.php\/wp-json\/wp\/v2\/comments?post=889"}],"version-history":[{"count":7,"href":"https:\/\/aubellys.fr\/index.php\/wp-json\/wp\/v2\/pages\/889\/revisions"}],"predecessor-version":[{"id":1008,"href":"https:\/\/aubellys.fr\/index.php\/wp-json\/wp\/v2\/pages\/889\/revisions\/1008"}],"wp:attachment":[{"href":"https:\/\/aubellys.fr\/index.php\/wp-json\/wp\/v2\/media?parent=889"}],"curies":[{"name":"wp","href":"https:\/\/api.w.org\/{rel}","templated":true}]}}